2/7 + 10/14. Suppose 1 = 2*v - n. Let b = 1 + v. Calculate the remainder when 3 is divided by b.
1
Let k be (-1 + 1)/(6/3). Suppose k*j + 16 = 2*j. What is the remainder when j is divided by 50/18 - 12/(-54)?
2
What is the remainder when 40 is divided by (-6)/24 + 45/4?
7
Calculate the remainder when (-3 - -23) + -4 + 3 is divided by 11.
8
What is the remainder when 1774/16 + 20/160 is divided by 52/(-2 - -4) - -2?
27
Suppose -5*g = -3*g - 56. What is the remainder when g is divided by 5?
3
Let y(f) = 8*f - 1. Let v be y(1). Suppose 51 = -4*p + v*p. Let x = -37 - -70. What is the remainder when x is divided by p?
16
Suppose j + 4*k + 7 = 0, 4*j = 3*k + 12 + 17. Suppose -j*i = s - 29, -3*i - 2*s = s - 27. Calculate the remainder when 19 is divided by i.
4
Suppose -2*p + 16 = 5*i, 4*i - 3 - 7 = -3*p. Suppose 6 = i*l - 14, d = 4*l - 26. Let f = 10 + d. What is the remainder when f is divided by 2?
0
Let p(n) = 3*n**2 - 4*n + 2. Suppose 17 = 4*a - 19. Calculate the remainder when p(3) is divided by a.
8
Let n(b) = -b**3 + 5*b**2 + 7*b + 3. What is the remainder when 60 is divided by n(6)?
6
Let t = 13 + 47. What is the remainder when t is divided by 21?
18
Calculate the remainder when 58 is divided by -6*-10*3/12.
13
Suppose -5*h + 0*h + 265 = 0. Calculate the remainder when h is divided by 14.
11
Let s = -79 + 113. Calculate the remainder when s is divided by 12.
10
What is the remainder when (110/15 + -3)*9 is divided by 21?
18
Suppose 0 = -4*z + 57 + 31. What is the remainder when 41 is divided by z?
19
Let r(d) = d**2 + d - 4. Suppose 0 = -10*w + 5*w + 15. Calculate the remainder when r(w) is divided by 3.
2
Let h(m) = m**2 + 2*m - 4. Let j = -13 - -8. What is the remainder when 31 is divided by h(j)?
9
Let x = 6 - 8. Let q = 2 - x. Suppose -5 + 17 = q*r. What is the remainder when 5 is divided by r?
2
Suppose -m = 2 - 10. Suppose -4*w - 3*j + 7 = 0, j - 4*j + m = 5*w. Suppose 4*l - 1 = 3*l. Calculate the remainder when l is divided by w.
0
Let o(l) = l**2 - 6*l - 2. What is the remainder when 13 + (3 - 3) + 0 is divided by o(7)?
3
Suppose 0*b = -4*k + b + 211, 4*b + 208 = 4*k. Calculate the remainder when k is divided by 14.
11
Let i = 4 - 2. What is the remainder when 55 is divided by (0 + 38/4)*i?
17
Suppose -2*g + g + 5*v = -107, 4*g + 4*v - 404 = 0. Let m = g - 44. What is the remainder when m is divided by 20?
18
Let q(t) = -t**2 + 9*t + 19. What is the remainder when 93 is divided by q(9)?
17
Let l(c) = 16*c**2 - 3*c + 3. Let f be ((-9)/(-2))/(2/32). Suppose -4*a + g - 11 + 194 = 0, a = -5*g + f. Calculate the remainder when a is divided by l(1).
15
Let g(p) = -9*p + 1. What is the remainder when 28 is divided by g(-2)?
9
Let x(r) = r**2 + 3*r - 3. Let k(g) = g**3 + 6*g**2 + 8*g + 9. Calculate the remainder when x(4) is divided by k(-4).
7
Let s(o) = o**3 + 12*o**2 + 9*o - 13. Let m = -33 + 68. Calculate the remainder when m is divided by s(-11).
8
Let q = -1 + -4. Let t(r) = 2*r**2 + 7*r + 4. What is the remainder when 54 is divided by t(q)?
16
Let w = 14 + -22. What is the remainder when 207/12 - (-2)/w is divided by 5?
2
Suppose -3*a + 19 = -23. What is the remainder when 38 is divided by a?
10
Let i = -20 - -8. Let j be (-15)/(-6)*i/(-15). Suppose -3*o + 22 = 4*p, -21 = -j*o + 2*p + 3. Calculate the remainder when o is divided by 4.
2
Suppose -2*u = 2*s - 18, -2*s + 0*s + 6 = 5*u. Calculate the remainder when 48 is divided by s.
9
Let g(f) = 4 + 6*f - 25*f**2 + 24*f**2 - 5. Calculate the remainder when 21 is divided by g(3).
5
Let o = -54 - -243. Calculate the remainder when o is divided by 8.
5
Suppose 0 = -3*u + 178 + 29. Suppose -237 = -4*x + 5*t - u, -4*x = 2*t - 140. What is the remainder when x is divided by 19?
18
Suppose -113 = -5*z + 82. Let g = 68 - z. What is the remainder when g is divided by 15?
14
Suppose 0 = 3*d - d - 90. What is the remainder when d is divided by 12?
9
Let o = 9 + -3. What is the remainder when 17 is divided by o?
5
Suppose -2*x + 0*q + q + 15 = 0, -4*q = -x + 11. Calculate the remainder when (1 + -2)/(1*(-2)/26) is divided by x.
6
Let q be ((-20)/5)/((-2)/3). Suppose -3*l + q*l = 150. Calculate the remainder when l is divided by 17.
16
Let k(a) = -a + 14. Let x be k(14). Suppose x = 4*g - 3*l + 26 - 85, -2*l + 1 = g. Suppose 0 = -4*h + 89 + 39. Calculate the remainder when h is divided by g.
10
Suppose 12*s - 1064 = -140. Calculate the remainder when s is divided by 8.
5
Let q = 15 + -10. Suppose -3*c + 300 = c. Suppose -q*p + c = -0*p. What is the remainder when p is divided by 4?
3
Suppose -4*k + 11 = -m, -m - 5*k = -3*k - 19. Suppose 0*q + 4*f - 8 = q, -3*q + f + m = 0. Calculate the remainder when (-2)/q*2*-5 is divided by 3.
2
Suppose -g = -4*r + 19 - 3, 5*g - 25 = -r. Suppose r*f - f = 24. Suppose 9 - 41 = -2*y + 3*o, 0 = -2*y - 3*o + 8. What is the remainder when y is divided by f?
4
Let q(c) be the second derivative of -11*c**3/2 - 9*c**2/2 - 3*c. Let l be q(-7). Calculate the remainder when l/5 - (-8)/(-20) is divided by 15.
14
Let y = 26 + -8. What is the remainder when y is divided by 10?
8
Suppose -117 = -4*y - 5*n, -3*n + 93 = 3*y - n. What is the remainder when 129 is divided by y?
30
Suppose -2*r + 64 = 2*r. Let c be (-1 - (-1 + -84)) + -3. Let j = c - 50. What is the remainder when j is divided by r?
15
Suppose t - 4*y = 0, -4*t - 5*y = -2*t - 52. Let l = t - 7. What is the remainder when l is divided by 5?
4
Let l = 67 - 30. Calculate the remainder when l is divided by 8.
5
Suppose 3*z - 4*k - 7 = 8, -5*z + 5*k + 30 = 0. What is the remainder when 34 is divided by z?
7
Let f = -22 - -33. Let j be 27/6*124/3. Calculate the remainder when j/(-4)*2/(-3) is divided by f.
9
Let j(a) = 2*a - 2. Let c be j(3). Let i(v) = v**3 - v**2 + 2*v + 3. Calculate the remainder when i(c) is divided by 20.
19
Suppose -2*s - 3 = l - s, 0 = 3*l + 5*s + 3. Let x be (-2 - -1)*l/2. Suppose 0*r = x*r - 177. Calculate the remainder when r is divided by 20.
19
Let r(z) = 6*z**2 - 11*z + 14. Calculate the remainder when r(7) is divided by 18.
15
What is the remainder when 34/3*15/10 is divided by 6?
5
Let z = 0 + 6. Let h = z - -1. Calculate the remainder when 12 is divided by h.
5
Suppose 3*o = -9, -3*o = 3*t - 2*o. Let g = 5 - 20. Let b = -13 - g. What is the remainder when b is divided by t?
0
Let d(w) = 2*w - 20. What is the remainder when d(21) is divided by 4?
2
Suppose -4 - 41 = -3*q. Suppose -p = 3*o - 53, 5*p - 2*o - 126 = 2*p. What is the remainder when p is divided by q?
14
Let h(d) = -d**3 + d**2 + d + 5. Let q(n) = n**2 + 9*n - 10. Let i be q(-10). Suppose v + 2*v = 24. Calculate the remainder when v is divided by h(i).
3
Calculate the remainder when 20 is divided by ((-2)/4)/(4/(-88)).
9
Suppose -17 = -2*m + 3. What is the remainder when m is divided by 4?
2
Let y(s) = s**3 - 5*s**2 - 6*s + 1. What is the remainder when ((-13)/26)/((-1)/4) is divided by y(6)?
0
Let l = -23 + 32. Let r(s) = -s**2 - 11*s - 25. Calculate the remainder when l is divided by r(-6).
4
Suppose -3*b - 5 = -53. What is the remainder when 3/(-6*(-4)/240) is divided by b?
14
Let d(i) be the second derivative of -i**3/2 - 3*i**2 - i. Suppose 3*n - 25 - 4 = 2*w, 4 = -w. Calculate the remainder when d(-6) is divided by n.
5
Suppose -3*n - 39 = 33. What is the remainder when 47 is divided by 190/12 - 4/n?
15
Calculate the remainder when (-3)/(-12) - (-476)/16 is divided by 17.
13
Let m = 11 - -6. Calculate the remainder when 65 is divided by m.
14
Let w(a) = a**3 - 5*a**2 + a - 25. What is the remainder when 203 is divided by w(6)?
16
Suppose -9*w + 198 = 2*w. Calculate the remainder when 53 is divided by w.
17
Let z(h) = h**2 + 15*h - 24. What is the remainder when 38 is divided by z(-17)?
8
Let s(n) = 5*n + 25. Calculate the remainder when s(9) is divided by (4/6)/((-1)/(-27)).
16
Suppose f + 6 - 11 = 0. Suppose 6 = -v - f*p + 24, -5*p = 2*v - 46. What is the remainder when v is divided by 15?
13
Let x be (8 + -2)/(-3)*-1. Let o(t) = -7*t - 15. What is the remainder when o(-7) is divided by ((-8)/(-2))/x + 16?
16
Suppose -3*x - 4 = -x. Let m be 13/4 - x/(-8). Suppose -m*d + 8*d + 15 = 0, -4*d = q. What is the remainder when 23 is divided by q?
11
Let k(j) = j**3 - 5*j**2 + 3*j - 2. Calculate the remainder when 60 is divid